0 = 3*m - 5*h - 45. Calculate the greatest common divisor of m and 80.
10
Suppose -156 = -7*l + 3*l. Suppose -5*u = -3*t - 78 - 55, 2*u + 4*t - 48 = 0. What is the highest common factor of l and u?
13
Let j be 98/(-2)*(-2)/2. Let q = 61 + -54. What is the highest common factor of j and q?
7
Let k be 528/18 - 4/(-6). Let i = k + -22. What is the greatest common divisor of 24 and i?
8
Suppose -3*u + 6*u = 102. Calculate the highest common divisor of u and 204.
34
Suppose 4*o = 83 + 17. What is the highest common divisor of o and 225?
25
Let j(h) = -h**2 - 7*h - 9. Let k be j(-5). What is the greatest common factor of k and 7?
1
Let t = 12 + -8. Let k(f) = -195*f**2 - f + 1. Let g be k(1). Let v be 2/8 + g/(-20). What is the greatest common divisor of t and v?
2
Let a = -91 + 56. Let t be 4/14 - 305/a. What is the greatest common divisor of t and 36?
9
Suppose -i - 11 = -6*i - 2*g, 0 = 3*g + 6. Suppose -60 = -7*r + i*r. Calculate the greatest common factor of 6 and r.
3
Let p be (-8 - -3)/5 + (27 - 1). Calculate the highest common divisor of 10 and p.
5
Suppose 7 = 2*y + 3. Let v be 0 - -1 - -3 - -1. Calculate the greatest common factor of v and y.
1
Let h = 35 - -19. What is the greatest common divisor of 36 and h?
18
Suppose -m - 49 = -3*t + 38, 4*t - 132 = -4*m. What is the highest common divisor of t and 210?
30
Let f = -91 + 92. Calculate the highest common factor of f and 4.
1
Suppose -4*f + 17 = -3*r, f - 3*r = -6*r + 8. Suppose 311 = f*k - 184. Let a = -12 + 23. Calculate the greatest common divisor of k and a.
11
Let v(l) = l + 6. Let f be v(-8). Let i(z) = -z**2 - 2*z + 2. Let o be i(f). Suppose o*s + 30 = 5*s. Calculate the highest common factor of s and 20.
10
Suppose 3*m = y - 24, 2*m + 24 = y + 4. Suppose -g + 0*s = s - y, -3*s - 41 = -4*g. Calculate the greatest common factor of g and 33.
11
Suppose -z + 4 = -0. What is the greatest common factor of z and 28?
4
Let d be ((-4)/(3 - -1))/(-1). Calculate the highest common factor of d and 5.
1
Suppose -3*q - 5 = -2. Let c be 3/12 + 56/32. Let n = q + c. Calculate the highest common divisor of 2 and n.
1
Suppose -5*a + 2329 = -286. Suppose -a = 4*b - 1355. Calculate the greatest common factor of 26 and b.
26
Suppose 0 = 4*z + 180 - 440. Let t = 139 - 73. Suppose -b = 5*l - t, -4*b - 7 = -2*l + 15. Calculate the greatest common factor of l and z.
13
Let j(b) = b + 32. Let c be j(-13). Let m be -1 - (-98 + 1 + 1). Calculate the highest common factor of c and m.
19
Let u = 17 - 14. Suppose -10 - 20 = -u*n. What is the highest common divisor of 10 and n?
10
Let u = 1 + -5. Let a be u/(-6) - 593/3. Let w = -127 - a. What is the highest common factor of 10 and w?
10
Let p(w) = 15*w**2 + w. Let z be p(-1). Suppose 5*m - r + 12 = 0, -3*r + 5*r = 3*m + 3. Let y = m + 45. What is the highest common divisor of z and y?
14
Suppose 6*w - 2*w = 5*p - 207, 2*p - 69 = -3*w. What is the greatest common factor of p and 351?
39
Let z = 11 + -2. Let j(k) = k**3 - 3*k + 3. Let v be j(2). Suppose -4*c + v*h = -386, -2*c = c + h - 299. What is the highest common divisor of z and c?
9
Suppose -3*h - 3*h = -60. Calculate the highest common factor of h and 10.
10
Let n be 1 - 8*(-4)/8. Calculate the highest common factor of n and 5.
5
Let f = 22 + -7. Let t = -6 + 12. Calculate the greatest common divisor of t and f.
3
Let i(t) = -t**3 + t**2 - 2*t + 5. Let m be i(4). Let q be -4*(-4 - m/(-12)). What is the greatest common divisor of q and 11?
11
Let j be (-2)/(-8) - 176/(-64). Let y be j - (-16 + 2 + -1). What is the highest common factor of 18 and y?
18
Let r = -21 - -14. Let h(y) = -y - 3. Let o be h(r). What is the highest common divisor of 44 and o?
4
Let v = -23 + 39. What is the greatest common divisor of v and 64?
16
Suppose -2*m - 3*t + 990 = 0, -5*m + 5*t + 2243 = -232. Calculate the highest common factor of m and 45.
45
Let w = -483 - -757. Suppose -4*v + 3*b - 340 = 0, 2*b - 4*b = 2*v + 170. Let g = v + w. What is the highest common divisor of g and 21?
21
Suppose -5*v = 5*a - 40, -a - 5*v - 48 = -4*a. Suppose -2*c = -4*c - 14. Let x = c + a. Calculate the greatest common factor of 8 and x.
4
Let o = 199 + -12. What is the highest common factor of o and 17?
17
Let c(q) = 2*q**2 + 14*q + 9. Let w be c(-7). What is the greatest common factor of 9 and w?
9
Let m(d) = -6*d + 3. Let x be m(-4). What is the greatest common divisor of x and 270?
27
Suppose -2*p + 114 = -56. What is the highest common divisor of p and 34?
17
Let r be ((-18)/4)/(1/(-2)). Let s = -7 - -10. Suppose -5*p = 2*y - 35, 5*p - 3 = s*p - 3*y. What is the highest common divisor of r and p?
9
Let z = 56 + -17. Let t = 59 - z. What is the highest common divisor of t and 50?
10
Suppose 9*y - 381 = 15. What is the greatest common divisor of 11 and y?
11
Let b(s) = -4*s - 8. Let g be b(-6). Let x = -18 - -26. Suppose 4*j - 4*c = 40 + x, 3*c - 92 = -5*j. What is the highest common divisor of j and g?
16
Suppose 0 = -5*p + 264 + 576. What is the highest common divisor of 21 and p?
21
Let b(m) = m**2 - 5*m. Let g = 15 + -9. Let o be b(g). Let q(f) = -f**3 - 5*f**2 - 6*f - 2. Let p be q(-4). What is the greatest common factor of o and p?
6
Let i = -9 - -25. Calculate the greatest common factor of i and 40.
8
Let b(d) be the first derivative of d**3/3 - d**2/2 + 6*d + 2. Let a be b(6). Suppose -5*z + a = -2*z. What is the greatest common divisor of z and 96?
12
Let i be 3248/24 + 1/(-3). What is the greatest common factor of 15 and i?
15
Suppose t - 3*p - 9 = -2*p, 5*t = -p + 21. Suppose 0 = -4*f + t*b + 6, -3*f - 5*b = -b - 20. Let j = 52 + -20. Calculate the greatest common divisor of j and f.
4
Suppose 144 = -a + 10*a. Calculate the highest common divisor of 16 and a.
16
Suppose 330 = 4*j + 7*j. What is the greatest common factor of j and 240?
30
Let z(t) = -t - 6. Let x be z(-6). Suppose x = -s + 1 + 6. Let k(w) = -w**3 + 7*w**2 - w + 9. Let i be k(s). What is the greatest common divisor of i and 10?
2
Suppose 4 = 3*x - 2*x. Suppose -4*k = -2*m + 192, -x*k - 486 = -m - 4*m. Let d(h) = 7*h. Let j be d(2). Calculate the greatest common divisor of m and j.
14
Suppose -2*b = -0*b - 5*p + 18, 3*p - 12 = 0. Suppose 122 = 4*k + 2*z, z + 47 = 2*k - 4. Suppose f - k = -b. Calculate the highest common divisor of f and 9.
9
Suppose 2*x + 10*l = 6*l + 130, 0 = -5*x + l + 270. Calculate the highest common factor of x and 33.
11
Let o = 87 - 39. Calculate the highest common factor of 8 and o.
8
Let m be ((-2)/(-6))/((-3)/765*-5). What is the greatest common divisor of 153 and m?
17
Let p = 44 + 186. What is the highest common divisor of 92 and p?
46
Let l(y) = 26*y - 31. Let p be l(6). What is the greatest common divisor of 25 and p?
25
Suppose -3*z + 5*d + 45 = 0, 4*z + 0*z - 25 = -5*d. Let v be 3094/35 - 4/z. What is the greatest common factor of v and 11?
11
Suppose 4*l = 2*z - 50, -5*l - z - 85 = -5. Let n be (-535)/l - 4/6. What is the highest common divisor of n and 7?
7
Let j be 22*1 + (-30)/15. Calculate the highest common factor of j and 60.
20
Let u = 71 + -50. What is the highest common factor of u and 84?
21
Suppose c + 35 = 6*c. Suppose 2*y - 8 = 0, 2*a + 4*y = 6*a + 8. Let d be ((-7)/(-2))/(a/36). What is the greatest common divisor of d and c?
7
Let p be (-1 - -2) + -3 + 26. Suppose p = 3*v + 3*v. Calculate the greatest common divisor of 4 and v.
4
Suppose -6*a + 5*a + 9 = 0. Suppose 4*t = -a + 81. Let c = -13 + t. Calculate the highest common divisor of 35 and c.
5
Suppose -m + o = -4*m + 83, 2*m = 5*o + 27. What is the greatest common factor of 234 and m?
26
Suppose -3*n - 85 = -8*n. Let m = 265 - 146. Calculate the highest common factor of n and m.
17
Suppose 5*h + 2 = z, -h + 6*h + 36 = 3*z. What is the greatest common factor of z and 187?
17
Let p = -25 - -16. Let m = p + 11. Calculate the greatest common factor of m and 6.
2
Suppose 4*x = -12 + 48. Suppose 2*y + 2*y - 72 = 0. Let c = -9 + y. What is the greatest common factor of x and c?
9
Let c be (-18)/4 - 12/8. Let a(f) be the second derivative of -f**3/2 + 3*f**2/2 - 3*f. Let y be a(c). What is the greatest common divisor of 231 and y?
21
Let u(v) = -3 + 4*v**2 - 6*v + 4*v - 3*v**2. Let j be u(5). Suppose 4*h = j + 40. What is the highest common factor of 52 and h?
13
Let f 